66.249.71.96 - - [01/Jul/2026:18:41:18 +0800] "GET /stratum/variant/fbok91cbpzs2c29.phtml HTTP/1.1" 404 - "-" "Mozilla/5.0 (Linux; Android 6.0.1; Nexus 5X Build/MMB29P) AppleWebKit/537.36 (KHTML, like Gecko) Chrome/149.0.7827.200 Mobile Safari/537.36 (compatible; GoogleOther)"
66.249.79.36 - - [01/Jul/2026:18:41:21 +0800] "GET /?w=f8n9wcbbch31bpk HTTP/1.1" 200 294165 "-" "Mozilla/5.0 (compatible; Googlebot/2.1; +http://www.google.com/bot.html)"
66.249.71.102 - - [01/Jul/2026:18:41:23 +0800] "GET /demographic/variant/efs9ptgj5dgqoqx.phtml HTTP/1.1" 200 303836 "-" "Mozilla/5.0 (compatible; Googlebot/2.1; +http://www.google.com/bot.html)"
66.249.79.37 - - [01/Jul/2026:18:41:29 +0800] "GET /?w=fvesn32b3kusvgb HTTP/1.1" 200 302747 "-" "Mozilla/5.0 (Linux; Android 6.0.1; Nexus 5X Build/MMB29P) AppleWebKit/537.36 (KHTML, like Gecko) Chrome/149.0.7827.200 Mobile Safari/537.36 (compatible; Googlebot/2.1; +http://www.google.com/bot.html)"
66.249.79.37 - - [01/Jul/2026:18:41:55 +0800] "GET /?w=fmla6y9bm5pz5z6 HTTP/1.1" 200 295965 "-" "Mozilla/5.0 (Linux; Android 6.0.1; Nexus 5X Build/MMB29P) AppleWebKit/537.36 (KHTML, like Gecko) Chrome/149.0.7827.200 Mobile Safari/537.36 (compatible; Googlebot/2.1; +http://www.google.com/bot.html)"
66.249.79.36 - - [01/Jul/2026:18:42:01 +0800] "GET /field/entity/eiac7by9nvy8e8f.phtml HTTP/1.1" 200 295381 "-" "Mozilla/5.0 (compatible; Googlebot/2.1; +http://www.google.com/bot.html)"
66.249.79.36 - - [01/Jul/2026:18:42:21 +0800] "GET /territory/stock/ee4u15svhps2229.phtml HTTP/1.1" 404 - "-" "Mozilla/5.0 (Linux; Android 6.0.1; Nexus 5X Build/MMB29P) AppleWebKit/537.36 (KHTML, like Gecko) Chrome/149.0.7827.200 Mobile Safari/537.36 (compatible; GoogleOther)"
66.249.79.36 - - [01/Jul/2026:18:42:30 +0800] "GET /catalog/belonging/f1c7xp0bdygqzqx.phtml HTTP/1.1" 404 - "-" "Mozilla/5.0 (Linux; Android 6.0.1; Nexus 5X Build/MMB29P) AppleWebKit/537.36 (KHTML, like Gecko) Chrome/149.0.7827.200 Mobile Safari/537.36 (compatible; GoogleOther)"
66.249.71.102 - - [01/Jul/2026:18:42:32 +0800] "GET /bunch/kind/ebumf7itvrigk4z.phtml HTTP/1.1" 200 305508 "-" "Mozilla/5.0 (Linux; Android 6.0.1; Nexus 5X Build/MMB29P) AppleWebKit/537.36 (KHTML, like Gecko) Chrome/149.0.7827.200 Mobile Safari/537.36 (compatible; Googlebot/2.1; +http://www.google.com/bot.html)"
66.249.79.36 - - [01/Jul/2026:18:42:35 +0800] "GET /?w=fg1oy2pbe3tffra HTTP/1.1" 200 293935 "-" "Mozilla/5.0 (Linux; Android 6.0.1; Nexus 5X Build/MMB29P) AppleWebKit/537.36 (KHTML, like Gecko) Chrome/149.0.7827.200 Mobile Safari/537.36 (compatible; Googlebot/2.1; +http://www.google.com/bot.html)"
66.249.71.97 - - [01/Jul/2026:18:43:26 +0800] "GET /feature/installment/fd1vy2pbe4tfura.phtml HTTP/1.1" 404 - "-" "Mozilla/5.0 (Linux; Android 6.0.1; Nexus 5X Build/MMB29P) AppleWebKit/537.36 (KHTML, like Gecko) Chrome/149.0.7827.200 Mobile Safari/537.36 (compatible; GoogleOther)"
66.249.71.97 - - [01/Jul/2026:18:43:27 +0800] "GET /?w=evz68on8o8n9ol4 HTTP/1.1" 200 311418 "-" "Mozilla/5.0 (Linux; Android 6.0.1; Nexus 5X Build/MMB29P) AppleWebKit/537.36 (KHTML, like Gecko) Chrome/149.0.7827.200 Mobile Safari/537.36 (compatible; Googlebot/2.1; +http://www.google.com/bot.html)"
66.249.79.32 - - [01/Jul/2026:18:43:29 +0800] "GET /element/version/fcpvmqdb2gh38fy.phtml HTTP/1.1" 404 - "-" "Mozilla/5.0 (Linux; Android 6.0.1; Nexus 5X Build/MMB29P) AppleWebKit/537.36 (KHTML, like Gecko) Chrome/149.0.7827.200 Mobile Safari/537.36 (compatible; GoogleOther)"
66.249.79.36 - - [01/Jul/2026:18:43:32 +0800] "GET /sort/abhelp/fejggk7cwsbxz9s.phtml HTTP/1.1" 404 - "-" "Mozilla/5.0 (Linux; Android 6.0.1; Nexus 5X Build/MMB29P) AppleWebKit/537.36 (KHTML, like Gecko) Chrome/149.0.7827.200 Mobile Safari/537.36 (compatible; GoogleOther)"
66.249.79.37 - - [01/Jul/2026:18:43:35 +0800] "GET /assortment/feature/e70lldoo1xom5a5.phtml HTTP/1.1" 404 - "-" "Mozilla/5.0 (Linux; Android 6.0.1; Nexus 5X Build/MMB29P) AppleWebKit/537.36 (KHTML, like Gecko) Chrome/149.0.7827.200 Mobile Safari/537.36 (compatible; GoogleOther)"
66.249.79.32 - - [01/Jul/2026:18:44:19 +0800] "GET /rubric/instance/f2jagk7cwfbx29s.phtml HTTP/1.1" 404 - "-" "Mozilla/5.0 (Linux; Android 6.0.1; Nexus 5X Build/MMB29P) AppleWebKit/537.36 (KHTML, like Gecko) Chrome/149.0.7827.200 Mobile Safari/537.36 (compatible; GoogleOther)"
66.249.79.37 - - [01/Jul/2026:18:44:20 +0800] "GET /?w=f2gpdh4bt58us6p HTTP/1.1" 200 307554 "-" "Mozilla/5.0 (Linux; Android 6.0.1; Nexus 5X Build/MMB29P) AppleWebKit/537.36 (KHTML, like Gecko) Chrome/149.0.7827.200 Mobile Safari/537.36 (compatible; Googlebot/2.1; +http://www.google.com/bot.html)"
66.249.79.36 - - [01/Jul/2026:18:44:32 +0800] "GET /array/craft/f78ohxwbxsom1a5.phtml HTTP/1.1" 404 - "-" "Mozilla/5.0 (Linux; Android 6.0.1; Nexus 5X Build/MMB29P) AppleWebKit/537.36 (KHTML, like Gecko) Chrome/149.0.7827.200 Mobile Safari/537.36 (compatible; GoogleOther)"
66.249.79.32 - - [01/Jul/2026:18:45:13 +0800] "GET /?w=fc1cy2pbettfhra HTTP/1.1" 200 291724 "-" "Mozilla/5.0 (Linux; Android 6.0.1; Nexus 5X Build/MMB29P) AppleWebKit/537.36 (KHTML, like Gecko) Chrome/149.0.7827.200 Mobile Safari/537.36 (compatible; Googlebot/2.1; +http://www.google.com/bot.html)"
66.249.71.102 - - [01/Jul/2026:18:45:37 +0800] "GET /conglomeration/concept/fnupf7ibvfy8i8f.phtml HTTP/1.1" 404 - "-" "Mozilla/5.0 (Linux; Android 6.0.1; Nexus 5X Build/MMB29P) AppleWebKit/537.36 (KHTML, like Gecko) Chrome/149.0.7827.200 Mobile Safari/537.36 (compatible; GoogleOther)"
66.249.71.102 - - [01/Jul/2026:18:45:59 +0800] "GET /colony/object/eskvt98b9t8u66p.phtml HTTP/1.1" 404 - "-" "Mozilla/5.0 (Linux; Android 6.0.1; Nexus 5X Build/MMB29P) AppleWebKit/537.36 (KHTML, like Gecko) Chrome/149.0.7827.200 Mobile Safari/537.36 (compatible; GoogleOther)"
66.249.79.36 - - [01/Jul/2026:18:46:02 +0800] "GET /division/build/fmft0s3bgfjtht0.phtml HTTP/1.1" 404 - "-" "Mozilla/5.0 (Linux; Android 6.0.1; Nexus 5X Build/MMB29P) AppleWebKit/537.36 (KHTML, like Gecko) Chrome/149.0.7827.200 Mobile Safari/537.36 (compatible; GoogleOther)"
66.249.71.102 - - [01/Jul/2026:18:46:04 +0800] "GET /property/system/fvqdzfecfr64nsn.phtml HTTP/1.1" 404 - "-" "Mozilla/5.0 (Linux; Android 6.0.1; Nexus 5X Build/MMB29P) AppleWebKit/537.36 (KHTML, like Gecko) Chrome/149.0.7827.200 Mobile Safari/537.36 (compatible; GoogleOther)"
66.249.79.36 - - [01/Jul/2026:18:46:05 +0800] "GET /?w=f13dogrb477hzho HTTP/1.1" 200 298979 "-" "Mozilla/5.0 (Linux; Android 6.0.1; Nexus 5X Build/MMB29P) AppleWebKit/537.36 (KHTML, like Gecko) Chrome/149.0.7827.200 Mobile Safari/537.36 (compatible; Googlebot/2.1; +http://www.google.com/bot.html)"
66.249.79.36 - - [01/Jul/2026:18:46:07 +0800] "GET /sector/instrument/eam3jnaxz7ak6kr.phtml HTTP/1.1" 404 - "-" "Mozilla/5.0 (Linux; Android 6.0.1; Nexus 5X Build/MMB29P) AppleWebKit/537.36 (KHTML, like Gecko) Chrome/149.0.7827.200 Mobile Safari/537.36 (compatible; GoogleOther)"
66.249.79.36 - - [01/Jul/2026:18:46:10 +0800] "GET /society/chattel/e07048v3ksv555c.phtml HTTP/1.1" 404 - "-" "Mozilla/5.0 (Linux; Android 6.0.1; Nexus 5X Build/MMB29P) AppleWebKit/537.36 (KHTML, like Gecko) Chrome/149.0.7827.200 Mobile Safari/537.36 (compatible; GoogleOther)"
66.249.79.37 - - [01/Jul/2026:18:46:25 +0800] "GET /club/fixture/fqvfswjc8pn98l4.phtml HTTP/1.1" 200 294804 "-" "Mozilla/5.0 (Linux; Android 6.0.1; Nexus 5X Build/MMB29P) AppleWebKit/537.36 (KHTML, like Gecko) Chrome/149.0.7827.200 Mobile Safari/537.36 (compatible; Googlebot/2.1; +http://www.google.com/bot.html)"
66.249.79.36 - - [01/Jul/2026:18:46:42 +0800] "GET /pack/shipment/fke0n32b3vuskgb.phtml HTTP/1.1" 404 - "-" "Mozilla/5.0 (Linux; Android 6.0.1; Nexus 5X Build/MMB29P) AppleWebKit/537.36 (KHTML, like Gecko) Chrome/149.0.7827.200 Mobile Safari/537.36 (compatible; GoogleOther)"
66.249.79.36 - - [01/Jul/2026:18:46:58 +0800] "GET /?w=fsfi0s3bg7jt5t0 HTTP/1.1" 200 301810 "-" "Mozilla/5.0 (Linux; Android 6.0.1; Nexus 5X Build/MMB29P) AppleWebKit/537.36 (KHTML, like Gecko) Chrome/149.0.7827.200 Mobile Safari/537.36 (compatible; Googlebot/2.1; +http://www.google.com/bot.html)"
66.249.79.36 - - [01/Jul/2026:18:47:28 +0800] "GET /type/type/ee2ubrqmrbqc3o7.phtml HTTP/1.1" 200 302827 "-" "Mozilla/5.0 (Linux; Android 6.0.1; Nexus 5X Build/MMB29P) AppleWebKit/537.36 (KHTML, like Gecko) Chrome/149.0.7827.200 Mobile Safari/537.36 (compatible; Googlebot/2.1; +http://www.google.com/bot.html)"
66.249.79.36 - - [01/Jul/2026:18:47:47 +0800] "GET /variety/commodity/fx6grjub7rakmkr.phtml HTTP/1.1" 404 - "-" "Mozilla/5.0 (Linux; Android 6.0.1; Nexus 5X Build/MMB29P) AppleWebKit/537.36 (KHTML, like Gecko) Chrome/149.0.7827.200 Mobile Safari/537.36 (compatible; GoogleOther)"
66.249.79.37 - - [01/Jul/2026:18:47:50 +0800] "GET /?w=fmxpialbyk1b8bi HTTP/1.1" 200 315213 "-" "Mozilla/5.0 (Linux; Android 6.0.1; Nexus 5X Build/MMB29P) AppleWebKit/537.36 (KHTML, like Gecko) Chrome/149.0.7827.200 Mobile Safari/537.36 (compatible; Googlebot/2.1; +http://www.google.com/bot.html)"
66.249.79.36 - - [01/Jul/2026:18:47:55 +0800] "GET /ilk/system/eb3sogr440rpsd8.phtml HTTP/1.1" 404 - "-" "Mozilla/5.0 (Linux; Android 6.0.1; Nexus 5X Build/MMB29P) AppleWebKit/537.36 (KHTML, like Gecko) Chrome/149.0.7827.200 Mobile Safari/537.36 (compatible; GoogleOther)"
66.249.79.37 - - [01/Jul/2026:18:48:11 +0800] "GET /?w=fhe9n32b3ius5gb HTTP/1.1" 200 310654 "-" "Mozilla/5.0 (compatible; Googlebot/2.1; +http://www.google.com/bot.html)"
66.249.71.96 - - [01/Jul/2026:18:48:12 +0800] "GET /?w=esjhgk77w47h1ho HTTP/1.1" 200 292689 "-" "Mozilla/5.0 (Linux; Android 6.0.1; Nexus 5X Build/MMB29P) AppleWebKit/537.36 (KHTML, like Gecko) Chrome/149.0.7827.200 Mobile Safari/537.36 (compatible; Googlebot/2.1; +http://www.google.com/bot.html)"
66.249.71.96 - - [01/Jul/2026:18:48:15 +0800] "GET /structure/fraction/fg9lumxbabdnznu.phtml HTTP/1.1" 404 - "-" "Mozilla/5.0 (Linux; Android 6.0.1; Nexus 5X Build/MMB29P) AppleWebKit/537.36 (KHTML, like Gecko) Chrome/149.0.7827.200 Mobile Safari/537.36 (compatible; GoogleOther)"
66.249.79.36 - - [01/Jul/2026:18:48:43 +0800] "GET /?w=ecxbialoyuljs72 HTTP/1.1" 200 296554 "-" "Mozilla/5.0 (Linux; Android 6.0.1; Nexus 5X Build/MMB29P) AppleWebKit/537.36 (KHTML, like Gecko) Chrome/149.0.7827.200 Mobile Safari/537.36 (compatible; Googlebot/2.1; +http://www.google.com/bot.html)"
66.249.79.36 - - [01/Jul/2026:18:48:53 +0800] "GET /rank/system/engldh46t14evel.phtml HTTP/1.1" 404 - "-" "Mozilla/5.0 (Linux; Android 6.0.1; Nexus 5X Build/MMB29P) AppleWebKit/537.36 (KHTML, like Gecko) Chrome/149.0.7827.200 Mobile Safari/537.36 (compatible; GoogleOther)"
66.249.79.37 - - [01/Jul/2026:18:49:10 +0800] "GET /?w=fmy9vzmbbrqc0o7_gkind14524026 HTTP/1.1" 200 306839 "-" "Mozilla/5.0 (Linux; Android 6.0.1; Nexus 5X Build/MMB29P) AppleWebKit/537.36 (KHTML, like Gecko) Chrome/149.0.7827.200 Mobile Safari/537.36 (compatible; Googlebot/2.1; +http://www.google.com/bot.html)"
66.249.71.96 - - [01/Jul/2026:18:49:44 +0800] "GET /arrangement/article/ee69rjuv73ussgb.phtml HTTP/1.1" 404 - "-" "Mozilla/5.0 (Linux; Android 6.0.1; Nexus 5X Build/MMB29P) AppleWebKit/537.36 (KHTML, like Gecko) Chrome/149.0.7827.200 Mobile Safari/537.36 (compatible; GoogleOther)"
66.249.79.36 - - [01/Jul/2026:18:49:58 +0800] "GET /pride/bundle/ey15y2p6empzuz6.phtml HTTP/1.1" 404 - "-" "Mozilla/5.0 (Linux; Android 6.0.1; Nexus 5X Build/MMB29P) AppleWebKit/537.36 (KHTML, like Gecko) Chrome/149.0.7827.200 Mobile Safari/537.36 (compatible; GoogleOther)"
66.249.79.36 - - [01/Jul/2026:18:50:11 +0800] "GET /?w=e1q0zfe7fze0qcv HTTP/1.1" 200 312965 "-" "Mozilla/5.0 (Linux; Android 6.0.1; Nexus 5X Build/MMB29P) AppleWebKit/537.36 (KHTML, like Gecko) Chrome/149.0.7827.200 Mobile Safari/537.36 (compatible; Googlebot/2.1; +http://www.google.com/bot.html)"
66.249.79.36 - - [01/Jul/2026:18:50:38 +0800] "GET /?w=f77048vbkhzl9xg HTTP/1.1" 200 302552 "-" "Mozilla/5.0 (compatible; Googlebot/2.1; +http://www.google.com/bot.html)"
66.249.79.36 - - [01/Jul/2026:18:50:49 +0800] "GET /?w=ezrec4fvsofdj1w HTTP/1.1" 200 288226 "-" "Mozilla/5.0 (Linux; Android 6.0.1; Nexus 5X Build/MMB29P) AppleWebKit/537.36 (KHTML, like Gecko) Chrome/149.0.7827.200 Mobile Safari/537.36 (compatible; Googlebot/2.1; +http://www.google.com/bot.html)"
66.249.79.37 - - [01/Jul/2026:18:51:03 +0800] "GET /territory/work/fp11y2pbeytfora.phtml HTTP/1.1" 404 - "-" "Mozilla/5.0 (Linux; Android 6.0.1; Nexus 5X Build/MMB29P) AppleWebKit/537.36 (KHTML, like Gecko) Chrome/149.0.7827.200 Mobile Safari/537.36 (compatible; GoogleOther)"
66.249.79.36 - - [01/Jul/2026:18:51:28 +0800] "GET /kingdom/shipment/fx0jldob1j4esel.phtml HTTP/1.1" 200 295272 "-" "Mozilla/5.0 (Linux; Android 6.0.1; Nexus 5X Build/MMB29P) AppleWebKit/537.36 (KHTML, like Gecko) Chrome/149.0.7827.200 Mobile Safari/537.36 (compatible; Googlebot/2.1; +http://www.google.com/bot.html)"
66.249.71.102 - - [01/Jul/2026:18:51:30 +0800] "GET /?w=f7hqq65b64xvmje HTTP/1.1" 200 296372 "-" "Mozilla/5.0 (Linux; Android 6.0.1; Nexus 5X Build/MMB29P) AppleWebKit/537.36 (KHTML, like Gecko) Chrome/149.0.7827.200 Mobile Safari/537.36 (compatible; Googlebot/2.1; +http://www.google.com/bot.html)"
66.249.79.36 - - [01/Jul/2026:18:51:32 +0800] "GET /catalog/belonging/ft5seutbuqljk72.phtml HTTP/1.1" 404 - "-" "Mozilla/5.0 (Linux; Android 6.0.1; Nexus 5X Build/MMB29P) AppleWebKit/537.36 (KHTML, like Gecko) Chrome/149.0.7827.200 Mobile Safari/537.36 (compatible; GoogleOther)"
66.249.79.37 - - [01/Jul/2026:18:52:08 +0800] "GET /coterie/harvest/f2c0xp0bd6gq9qx.phtml HTTP/1.1" 404 - "-" "Mozilla/5.0 (Linux; Android 6.0.1; Nexus 5X Build/MMB29P) AppleWebKit/537.36 (KHTML, like Gecko) Chrome/149.0.7827.200 Mobile Safari/537.36 (compatible; GoogleOther)"
66.249.79.36 - - [01/Jul/2026:18:52:43 +0800] "GET /?w=eqg4dh4ct14ejel HTTP/1.1" 200 294838 "-" "Mozilla/5.0 (Linux; Android 6.0.1; Nexus 5X Build/MMB29P) AppleWebKit/537.36 (KHTML, like Gecko) Chrome/149.0.7827.200 Mobile Safari/537.36 (compatible; Googlebot/2.1; +http://www.google.com/bot.html)"
66.249.79.32 - - [01/Jul/2026:18:53:20 +0800] "GET /realm/module/fsuzf7ibvwy8h8f.phtml HTTP/1.1" 404 - "-" "Mozilla/5.0 (Linux; Android 6.0.1; Nexus 5X Build/MMB29P) AppleWebKit/537.36 (KHTML, like Gecko) Chrome/149.0.7827.200 Mobile Safari/537.36 (compatible; GoogleOther)"
66.249.79.36 - - [01/Jul/2026:18:53:21 +0800] "GET /?w=fk6krjub7fakokr HTTP/1.1" 200 296978 "-" "Mozilla/5.0 (Linux; Android 6.0.1; Nexus 5X Build/MMB29P) AppleWebKit/537.36 (KHTML, like Gecko) Chrome/149.0.7827.200 Mobile Safari/537.36 (compatible; Googlebot/2.1; +http://www.google.com/bot.html)"
66.249.79.37 - - [01/Jul/2026:18:53:23 +0800] "GET /?w=ffshptgb54k6ti1 HTTP/1.1" 200 300112 "-" "Mozilla/5.0 (Linux; Android 6.0.1; Nexus 5X Build/MMB29P) AppleWebKit/537.36 (KHTML, like Gecko) Chrome/149.0.7827.200 Mobile Safari/537.36 (compatible; Googlebot/2.1; +http://www.google.com/bot.html)"
66.249.79.37 - - [01/Jul/2026:18:53:26 +0800] "GET /array/device/e8c4xp06d90yxmh.phtml HTTP/1.1" 404 - "-" "Mozilla/5.0 (Linux; Android 6.0.1; Nexus 5X Build/MMB29P) AppleWebKit/537.36 (KHTML, like Gecko) Chrome/149.0.7827.200 Mobile Safari/537.36 (compatible; GoogleOther)"
66.249.79.36 - - [01/Jul/2026:18:53:30 +0800] "GET /catalog/belonging/eq0wldok1xomba5.phtml HTTP/1.1" 404 - "-" "Mozilla/5.0 (Linux; Android 6.0.1; Nexus 5X Build/MMB29P) AppleWebKit/537.36 (KHTML, like Gecko) Chrome/149.0.7827.200 Mobile Safari/537.36 (compatible; GoogleOther)"
66.249.71.96 - - [01/Jul/2026:18:54:17 +0800] "GET /?w=frjqgk7bwtbxh9s HTTP/1.1" 200 291610 "-" "Mozilla/5.0 (compatible; Googlebot/2.1; +http://www.google.com/bot.html)"
66.249.71.96 - - [01/Jul/2026:18:54:19 +0800] "GET /?w=frjqgk7bwtbxh9s HTTP/1.1" 200 291861 "-" "Mozilla/5.0 (Linux; Android 6.0.1; Nexus 5X Build/MMB29P) AppleWebKit/537.36 (KHTML, like Gecko) Chrome/149.0.7827.200 Mobile Safari/537.36 (compatible; Googlebot/2.1; +http://www.google.com/bot.html)"
66.249.71.97 - - [01/Jul/2026:18:54:20 +0800] "GET /format/shipment/enfy0s3cgc31cpk.phtml HTTP/1.1" 404 - "-" "Mozilla/5.0 (Linux; Android 6.0.1; Nexus 5X Build/MMB29P) AppleWebKit/537.36 (KHTML, like Gecko) Chrome/149.0.7827.200 Mobile Safari/537.36 (compatible; GoogleOther)"
66.249.71.102 - - [01/Jul/2026:18:54:37 +0800] "GET /?w=eyty2ih6i2h3afy HTTP/1.1" 200 288978 "-" "Mozilla/5.0 (Linux; Android 6.0.1; Nexus 5X Build/MMB29P) AppleWebKit/537.36 (KHTML, like Gecko) Chrome/149.0.7827.200 Mobile Safari/537.36 (compatible; Googlebot/2.1; +http://www.google.com/bot.html)"
66.249.79.36 - - [01/Jul/2026:18:54:45 +0800] "GET /?w=e59aumx9a6xv3je HTTP/1.1" 200 296918 "-" "Mozilla/5.0 (Linux; Android 6.0.1; Nexus 5X Build/MMB29P) AppleWebKit/537.36 (KHTML, like Gecko) Chrome/149.0.7827.200 Mobile Safari/537.36 (compatible; Googlebot/2.1; +http://www.google.com/bot.html)"
66.249.71.102 - - [01/Jul/2026:18:55:09 +0800] "GET /lot/outcome/felp6y9bmqpz6z6.phtml HTTP/1.1" 404 - "-" "Mozilla/5.0 (Linux; Android 6.0.1; Nexus 5X Build/MMB29P) AppleWebKit/537.36 (KHTML, like Gecko) Chrome/149.0.7827.200 Mobile Safari/537.36 (compatible; GoogleOther)"
66.249.79.37 - - [01/Jul/2026:18:55:14 +0800] "GET /?w=fjiq3v6bjjmw2w3 HTTP/1.1" 200 294412 "-" "Mozilla/5.0 (Linux; Android 6.0.1; Nexus 5X Build/MMB29P) AppleWebKit/537.36 (KHTML, like Gecko) Chrome/149.0.7827.200 Mobile Safari/537.36 (compatible; Googlebot/2.1; +http://www.google.com/bot.html)"
66.249.79.37 - - [01/Jul/2026:18:55:16 +0800] "GET /?w=e6of91c9plca4yt HTTP/1.1" 200 296158 "-" "Mozilla/5.0 (Linux; Android 6.0.1; Nexus 5X Build/MMB29P) AppleWebKit/537.36 (KHTML, like Gecko) Chrome/149.0.7827.200 Mobile Safari/537.36 (compatible; Googlebot/2.1; +http://www.google.com/bot.html)"
66.249.79.37 - - [01/Jul/2026:18:55:17 +0800] "GET /typology/volume/fn0rldob134e0el.phtml HTTP/1.1" 404 - "-" "Mozilla/5.0 (Linux; Android 6.0.1; Nexus 5X Build/MMB29P) AppleWebKit/537.36 (KHTML, like Gecko) Chrome/149.0.7827.200 Mobile Safari/537.36 (compatible; GoogleOther)"
66.249.71.102 - - [01/Jul/2026:18:55:21 +0800] "GET /schema/possession/e1mfjnaiz7ak9kr.phtml HTTP/1.1" 404 - "-" "Mozilla/5.0 (Linux; Android 6.0.1; Nexus 5X Build/MMB29P) AppleWebKit/537.36 (KHTML, like Gecko) Chrome/149.0.7827.200 Mobile Safari/537.36 (compatible; GoogleOther)"
66.249.79.36 - - [01/Jul/2026:18:55:32 +0800] "GET /grouping/proceeds/f5lj6y9cmhpzsz6.phtml HTTP/1.1" 404 - "-" "Mozilla/5.0 (Linux; Android 6.0.1; Nexus 5X Build/MMB29P) AppleWebKit/537.36 (KHTML, like Gecko) Chrome/149.0.7827.200 Mobile Safari/537.36 (compatible; GoogleOther)"
66.249.79.32 - - [01/Jul/2026:18:56:02 +0800] "GET /?w=fj34ogrb4e7h2ho_gkind14523986 HTTP/1.1" 200 300949 "-" "Mozilla/5.0 (compatible; Googlebot/2.1; +http://www.google.com/bot.html)"
66.249.79.36 - - [01/Jul/2026:18:56:30 +0800] "GET /tier/example/fym7jnabzue0fcv.phtml HTTP/1.1" 200 296141 "-" "Mozilla/5.0 (Linux; Android 6.0.1; Nexus 5X Build/MMB29P) AppleWebKit/537.36 (KHTML, like Gecko) Chrome/149.0.7827.200 Mobile Safari/537.36 (compatible; Googlebot/2.1; +http://www.google.com/bot.html)"
66.249.79.36 - - [01/Jul/2026:18:56:45 +0800] "GET /sphere/handiwork/erhxq6546q5rm3m.phtml HTTP/1.1" 404 - "-" "Mozilla/5.0 (Linux; Android 6.0.1; Nexus 5X Build/MMB29P) AppleWebKit/537.36 (KHTML, like Gecko) Chrome/149.0.7827.200 Mobile Safari/537.36 (compatible; GoogleOther)"
66.249.79.37 - - [01/Jul/2026:18:57:16 +0800] "GET /feature/material/e86orjuj73ussgb.phtml HTTP/1.1" 404 - "-" "Mozilla/5.0 (Linux; Android 6.0.1; Nexus 5X Build/MMB29P) AppleWebKit/537.36 (KHTML, like Gecko) Chrome/149.0.7827.200 Mobile Safari/537.36 (compatible; GoogleOther)"
66.249.79.37 - - [01/Jul/2026:18:57:51 +0800] "GET /?w=fh6frjub7qakxkr HTTP/1.1" 200 292334 "-" "Mozilla/5.0 (Linux; Android 6.0.1; Nexus 5X Build/MMB29P) AppleWebKit/537.36 (KHTML, like Gecko) Chrome/149.0.7827.200 Mobile Safari/537.36 (compatible; Googlebot/2.1; +http://www.google.com/bot.html)"
66.249.71.102 - - [01/Jul/2026:18:57:58 +0800] "GET /fraternity/gear/e7zd8ongo8n9kl4.phtml HTTP/1.1" 404 - "-" "Mozilla/5.0 (Linux; Android 6.0.1; Nexus 5X Build/MMB29P) AppleWebKit/537.36 (KHTML, like Gecko) Chrome/149.0.7827.200 Mobile Safari/537.36 (compatible; GoogleOther)"
66.249.79.36 - - [01/Jul/2026:18:58:01 +0800] "GET /demographic/gear/f0ndwcbbcn319pk.phtml HTTP/1.1" 200 293236 "-" "Mozilla/5.0 (compatible; Googlebot/2.1; +http://www.google.com/bot.html)"
66.249.79.32 - - [01/Jul/2026:18:58:03 +0800] "GET /demographic/gear/f0ndwcbbcn319pk.phtml HTTP/1.1" 200 293765 "-" "Mozilla/5.0 (Linux; Android 6.0.1; Nexus 5X Build/MMB29P) AppleWebKit/537.36 (KHTML, like Gecko) Chrome/149.0.7827.200 Mobile Safari/537.36 (compatible; Googlebot/2.1; +http://www.google.com/bot.html)"
66.249.79.37 - - [01/Jul/2026:18:58:25 +0800] "GET /?w=fcj6gk7bw2bx89s HTTP/1.1" 200 301808 "-" "Mozilla/5.0 (Linux; Android 6.0.1; Nexus 5X Build/MMB29P) AppleWebKit/537.36 (KHTML, like Gecko) Chrome/149.0.7827.200 Mobile Safari/537.36 (compatible; Googlebot/2.1; +http://www.google.com/bot.html)"
66.249.71.102 - - [01/Jul/2026:18:58:29 +0800] "GET /sorority/shop/f8nawcbcc8313pk.phtml HTTP/1.1" 404 - "-" "Mozilla/5.0 (Linux; Android 6.0.1; Nexus 5X Build/MMB29P) AppleWebKit/537.36 (KHTML, like Gecko) Chrome/149.0.7827.200 Mobile Safari/537.36 (compatible; GoogleOther)"
66.249.79.36 - - [01/Jul/2026:18:58:31 +0800] "GET /?w=dzumf7i1vrigb4z HTTP/1.1" 200 338678 "-" "Mozilla/5.0 (Linux; Android 6.0.1; Nexus 5X Build/MMB29P) AppleWebKit/537.36 (KHTML, like Gecko) Chrome/149.0.7827.200 Mobile Safari/537.36 (compatible; Googlebot/2.1; +http://www.google.com/bot.html)"
66.249.79.36 - - [01/Jul/2026:18:58:33 +0800] "GET /swarm/case/f1u0f7ibvky8n8f.phtml HTTP/1.1" 404 - "-" "Mozilla/5.0 (Linux; Android 6.0.1; Nexus 5X Build/MMB29P) AppleWebKit/537.36 (KHTML, like Gecko) Chrome/149.0.7827.200 Mobile Safari/537.36 (compatible; GoogleOther)"
66.249.79.37 - - [01/Jul/2026:18:58:37 +0800] "GET /batch/handicraft/f32bbrqbr1igc4z.phtml HTTP/1.1" 404 - "-" "Mozilla/5.0 (Linux; Android 6.0.1; Nexus 5X Build/MMB29P) AppleWebKit/537.36 (KHTML, like Gecko) Chrome/149.0.7827.200 Mobile Safari/537.36 (compatible; GoogleOther)"
66.249.79.36 - - [01/Jul/2026:18:58:41 +0800] "GET /grouping/extra/fez28onbo1fdb1w.phtml HTTP/1.1" 404 - "-" "Mozilla/5.0 (Linux; Android 6.0.1; Nexus 5X Build/MMB29P) AppleWebKit/537.36 (KHTML, like Gecko) Chrome/149.0.7827.200 Mobile Safari/537.36 (compatible; GoogleOther)"
66.249.71.102 - - [01/Jul/2026:18:58:45 +0800] "GET /graph/mechanism/fwy7vzmbblqcyo7.phtml HTTP/1.1" 404 - "-" "Mozilla/5.0 (Linux; Android 6.0.1; Nexus 5X Build/MMB29P) AppleWebKit/537.36 (KHTML, like Gecko) Chrome/149.0.7827.200 Mobile Safari/537.36 (compatible; GoogleOther)"
66.249.79.36 - - [01/Jul/2026:18:58:48 +0800] "GET /chapter/thing/f8hcq65b69xvhje.phtml HTTP/1.1" 404 - "-" "Mozilla/5.0 (Linux; Android 6.0.1; Nexus 5X Build/MMB29P) AppleWebKit/537.36 (KHTML, like Gecko) Chrome/149.0.7827.200 Mobile Safari/537.36 (compatible; GoogleOther)"
66.249.79.36 - - [01/Jul/2026:18:59:11 +0800] "GET /ambit/produce/feylvzmbbpqcmo7.phtml HTTP/1.1" 404 - "-" "Mozilla/5.0 (Linux; Android 6.0.1; Nexus 5X Build/MMB29P) AppleWebKit/537.36 (KHTML, like Gecko) Chrome/149.0.7827.200 Mobile Safari/537.36 (compatible; GoogleOther)"
66.249.71.102 - - [01/Jul/2026:18:59:25 +0800] "GET /property/load/fd9jumxbardn5nu.phtml HTTP/1.1" 404 - "-" "Mozilla/5.0 (Linux; Android 6.0.1; Nexus 5X Build/MMB29P) AppleWebKit/537.36 (KHTML, like Gecko) Chrome/149.0.7827.200 Mobile Safari/537.36 (compatible; GoogleOther)"
66.249.79.36 - - [01/Jul/2026:18:59:46 +0800] "GET /?w=famijnabzde06cv HTTP/1.1" 200 300584 "-" "Mozilla/5.0 (Linux; Android 6.0.1; Nexus 5X Build/MMB29P) AppleWebKit/537.36 (KHTML, like Gecko) Chrome/149.0.7827.200 Mobile Safari/537.36 (compatible; Googlebot/2.1; +http://www.google.com/bot.html)"
66.249.71.96 - - [01/Jul/2026:19:00:24 +0800] "GET /pack/element/e3wp5lknl5k6wi1.phtml HTTP/1.1" 200 308639 "-" "Mozilla/5.0 (Linux; Android 6.0.1; Nexus 5X Build/MMB29P) AppleWebKit/537.36 (KHTML, like Gecko) Chrome/149.0.7827.200 Mobile Safari/537.36 (compatible; Googlebot/2.1; +http://www.google.com/bot.html)"
66.249.71.102 - - [01/Jul/2026:19:00:25 +0800] "GET /shoal/package/ffszptgb5dk62i1.phtml HTTP/1.1" 404 - "-" "Mozilla/5.0 (Linux; Android 6.0.1; Nexus 5X Build/MMB29P) AppleWebKit/537.36 (KHTML, like Gecko) Chrome/149.0.7827.200 Mobile Safari/537.36 (compatible; GoogleOther)"
66.249.79.36 - - [01/Jul/2026:19:00:26 +0800] "GET /?w=fsot91cbp5s2k29 HTTP/1.1" 200 293979 "-" "Mozilla/5.0 (Linux; Android 6.0.1; Nexus 5X Build/MMB29P) AppleWebKit/537.36 (KHTML, like Gecko) Chrome/149.0.7827.200 Mobile Safari/537.36 (compatible; Googlebot/2.1; +http://www.google.com/bot.html)"
66.249.71.96 - - [01/Jul/2026:19:00:28 +0800] "GET /?w=eha37byinvy8d8f HTTP/1.1" 200 287836 "-" "Mozilla/5.0 (Linux; Android 6.0.1; Nexus 5X Build/MMB29P) AppleWebKit/537.36 (KHTML, like Gecko) Chrome/149.0.7827.200 Mobile Safari/537.36 (compatible; Googlebot/2.1; +http://www.google.com/bot.html)"
66.249.79.36 - - [01/Jul/2026:19:00:58 +0800] "GET /schedule/outcome/fstm2ihcii97nvq.phtml HTTP/1.1" 200 291190 "-" "Mozilla/5.0 (Linux; Android 6.0.1; Nexus 5X Build/MMB29P) AppleWebKit/537.36 (KHTML, like Gecko) Chrome/149.0.7827.200 Mobile Safari/537.36 (compatible; Googlebot/2.1; +http://www.google.com/bot.html)"
66.249.71.102 - - [01/Jul/2026:19:01:00 +0800] "GET /schedule/outcome/fstm2ihcii97nvq.phtml HTTP/1.1" 200 289951 "-" "Mozilla/5.0 (compatible; Googlebot/2.1; +http://www.google.com/bot.html)"
66.249.71.102 - - [01/Jul/2026:19:01:30 +0800] "GET /property/shipment/e3yivzmvbjmwuw3.phtml HTTP/1.1" 404 - "-" "Mozilla/5.0 (Linux; Android 6.0.1; Nexus 5X Build/MMB29P) AppleWebKit/537.36 (KHTML, like Gecko) Chrome/149.0.7827.200 Mobile Safari/537.36 (compatible; GoogleOther)"
66.249.79.36 - - [01/Jul/2026:19:01:38 +0800] "GET /level/design/fe5aeutbu0lj872.phtml HTTP/1.1" 404 - "-" "Mozilla/5.0 (Linux; Android 6.0.1; Nexus 5X Build/MMB29P) AppleWebKit/537.36 (KHTML, like Gecko) Chrome/149.0.7827.200 Mobile Safari/537.36 (compatible; GoogleOther)"
66.249.71.102 - - [01/Jul/2026:19:01:41 +0800] "GET /?w=ein9wcb6cwbx09s HTTP/1.1" 200 302371 "-" "Mozilla/5.0 (Linux; Android 6.0.1; Nexus 5X Build/MMB29P) AppleWebKit/537.36 (KHTML, like Gecko) Chrome/149.0.7827.200 Mobile Safari/537.36 (compatible; Googlebot/2.1; +http://www.google.com/bot.html)"
66.249.79.37 - - [01/Jul/2026:19:02:19 +0800] "GET /?w=er09ldo91xomaa5 HTTP/1.1" 200 293213 "-" "Mozilla/5.0 (Linux; Android 6.0.1; Nexus 5X Build/MMB29P) AppleWebKit/537.36 (KHTML, like Gecko) Chrome/149.0.7827.200 Mobile Safari/537.36 (compatible; Googlebot/2.1; +http://www.google.com/bot.html)"
66.249.79.36 - - [01/Jul/2026:19:02:20 +0800] "GET /flock/creation/f89humxcaldnanu.phtml HTTP/1.1" 200 287079 "-" "Mozilla/5.0 (Linux; Android 6.0.1; Nexus 5X Build/MMB29P) AppleWebKit/537.36 (KHTML, like Gecko) Chrome/149.0.7827.200 Mobile Safari/537.36 (compatible; Googlebot/2.1; +http://www.google.com/bot.html)"
66.249.79.36 - - [01/Jul/2026:19:02:52 +0800] "GET /aggregation/belonging/f6uaf7ibvay8v8f.phtml HTTP/1.1" 404 - "-" "Mozilla/5.0 (Linux; Android 6.0.1; Nexus 5X Build/MMB29P) AppleWebKit/537.36 (KHTML, like Gecko) Chrome/149.0.7827.200 Mobile Safari/537.36 (compatible; GoogleOther)"
66.249.79.36 - - [01/Jul/2026:19:02:58 +0800] "GET /ambit/project/fk1zy2pbeptfpra.phtml HTTP/1.1" 200 301364 "-" "Mozilla/5.0 (compatible; Googlebot/2.1; +http://www.google.com/bot.html)"
66.249.79.36 - - [01/Jul/2026:19:03:36 +0800] "GET /property/derivative/ef59eutcuetfura.phtml HTTP/1.1" 404 - "-" "Mozilla/5.0 (Linux; Android 6.0.1; Nexus 5X Build/MMB29P) AppleWebKit/537.36 (KHTML, like Gecko) Chrome/149.0.7827.200 Mobile Safari/537.36 (compatible; GoogleOther)"
66.249.71.102 - - [01/Jul/2026:19:03:37 +0800] "GET /territory/type/f0qmzfebf2643sn.phtml HTTP/1.1" 200 285267 "-" "Mozilla/5.0 (Linux; Android 6.0.1; Nexus 5X Build/MMB29P) AppleWebKit/537.36 (KHTML, like Gecko) Chrome/149.0.7827.200 Mobile Safari/537.36 (compatible; Googlebot/2.1; +http://www.google.com/bot.html)"
66.249.79.36 - - [01/Jul/2026:19:03:38 +0800] "GET /?w=egruc4fjsofdl1w HTTP/1.1" 200 305496 "-" "Mozilla/5.0 (Linux; Android 6.0.1; Nexus 5X Build/MMB29P) AppleWebKit/537.36 (KHTML, like Gecko) Chrome/149.0.7827.200 Mobile Safari/537.36 (compatible; Googlebot/2.1; +http://www.google.com/bot.html)"
66.249.79.36 - - [01/Jul/2026:19:03:44 +0800] "GET /?w=ej5yeut0uetfara HTTP/1.1" 200 292654 "-" "Mozilla/5.0 (compatible; Googlebot/2.1; +http://www.google.com/bot.html)"
66.249.79.36 - - [01/Jul/2026:19:03:47 +0800] "GET /?w=fhzd8onbosfd81w HTTP/1.1" 200 308827 "-" "Mozilla/5.0 (compatible; Googlebot/2.1; +http://www.google.com/bot.html)"
66.249.71.102 - - [01/Jul/2026:19:03:49 +0800] "GET /graph/residue/elcdxp0ld90yymh.phtml HTTP/1.1" 404 - "-" "Mozilla/5.0 (Linux; Android 6.0.1; Nexus 5X Build/MMB29P) AppleWebKit/537.36 (KHTML, like Gecko) Chrome/149.0.7827.200 Mobile Safari/537.36 (compatible; GoogleOther)"
66.249.71.96 - - [01/Jul/2026:19:04:04 +0800] "GET /aggregation/resource/e2vkswj18gjtzt0.phtml HTTP/1.1" 404 - "-" "Mozilla/5.0 (Linux; Android 6.0.1; Nexus 5X Build/MMB29P) AppleWebKit/537.36 (KHTML, like Gecko) Chrome/149.0.7827.200 Mobile Safari/537.36 (compatible; GoogleOther)"
20.151.224.143 - - [01/Jul/2026:19:04:08 +0800] "GET /wp-content/plugins/hellopress/wp_filemanager.php HTTP/1.1" 404 - "-" "-"
20.151.224.143 - - [01/Jul/2026:19:04:09 +0800] "GET /this_is_a_new_hello_world.php HTTP/1.1" 404 - "-" "-"
20.151.224.143 - - [01/Jul/2026:19:04:10 +0800] "GET /x.php HTTP/1.1" 404 - "-" "-"
20.151.224.143 - - [01/Jul/2026:19:04:11 +0800] "GET /wss.php HTTP/1.1" 404 - "-" "-"
20.151.224.143 - - [01/Jul/2026:19:04:12 +0800] "GET /ty.php?p= HTTP/1.1" 404 - "-" "-"
20.151.224.143 - - [01/Jul/2026:19:04:13 +0800] "GET /155.php HTTP/1.1" 404 - "-" "-"
20.151.224.143 - - [01/Jul/2026:19:04:13 +0800] "GET /ops.php HTTP/1.1" 404 - "-" "-"
20.151.224.143 - - [01/Jul/2026:19:04:14 +0800] "GET /ingfo.php HTTP/1.1" 404 - "-" "-"
20.151.224.143 - - [01/Jul/2026:19:04:15 +0800] "GET /error_log.php HTTP/1.1" 404 - "-" "-"
20.151.224.143 - - [01/Jul/2026:19:04:16 +0800] "GET //ok.php HTTP/1.1" 404 - "-" "-"
20.151.224.143 - - [01/Jul/2026:19:04:17 +0800] "GET /mac.php HTTP/1.1" 404 - "-" "-"
66.249.71.102 - - [01/Jul/2026:19:04:17 +0800] "GET /?w=dtot91cuplcaayt HTTP/1.1" 200 309242 "-" "Mozilla/5.0 (Linux; Android 6.0.1; Nexus 5X Build/MMB29P) AppleWebKit/537.36 (KHTML, like Gecko) Chrome/149.0.7827.200 Mobile Safari/537.36 (compatible; Googlebot/2.1; +http://www.google.com/bot.html)"
20.151.224.143 - - [01/Jul/2026:19:04:18 +0800] "GET /25d653587fdfd1.php HTTP/1.1" 404 - "-" "-"
20.151.224.143 - - [01/Jul/2026:19:04:18 +0800] "GET /wefile.php HTTP/1.1" 404 - "-" "-"
20.151.224.143 - - [01/Jul/2026:19:04:19 +0800] "GET /modules/mod_simplefileuploadv1.3/elements/filemanager.php?p= HTTP/1.1" 404 - "-" "-"
20.151.224.143 - - [01/Jul/2026:19:04:20 +0800] "GET /wp-includes/blocks/post-comments-form/ HTTP/1.1" 404 - "-" "-"
20.151.224.143 - - [01/Jul/2026:19:04:21 +0800] "GET /wp-admin/js/ HTTP/1.1" 404 - "-" "-"
20.151.224.143 - - [01/Jul/2026:19:04:22 +0800] "GET /wp-admin/css/colour.php HTTP/1.1" 404 - "-" "-"
20.151.224.143 - - [01/Jul/2026:19:04:22 +0800] "GET /wordpress/wp-admin/maint/ HTTP/1.1" 404 - "-" "-"
20.151.224.143 - - [01/Jul/2026:19:04:23 +0800] "GET /like.php HTTP/1.1" 404 - "-" "-"
20.151.224.143 - - [01/Jul/2026:19:04:24 +0800] "GET /.well-known/about.php HTTP/1.1" 404 - "-" "-"
20.151.224.143 - - [01/Jul/2026:19:04:25 +0800] "GET /wp-includes/ID3/about.php HTTP/1.1" 404 - "-" "-"
20.151.224.143 - - [01/Jul/2026:19:04:26 +0800] "GET /wp-admin/css/ HTTP/1.1" 404 - "-" "-"
20.151.224.143 - - [01/Jul/2026:19:04:26 +0800] "GET /wp-admin/css/colors/modern/ HTTP/1.1" 404 - "-" "-"
20.151.224.143 - - [01/Jul/2026:19:04:27 +0800] "GET /pucci.php HTTP/1.1" 404 - "-" "-"
20.151.224.143 - - [01/Jul/2026:19:04:28 +0800] "GET /wp-includes/blocks/details/ HTTP/1.1" 404 - "-" "-"
20.151.224.143 - - [01/Jul/2026:19:04:29 +0800] "GET /wp-includes/blocks/audio/ HTTP/1.1" 404 - "-" "-"
20.151.224.143 - - [01/Jul/2026:19:04:29 +0800] "GET /wp-temp.php HTTP/1.1" 404 - "-" "-"
20.151.224.143 - - [01/Jul/2026:19:04:30 +0800] "GET /wp-includes/blocks/buttons/ HTTP/1.1" 404 - "-" "-"
20.151.224.143 - - [01/Jul/2026:19:04:31 +0800] "GET /xmu.php HTTP/1.1" 404 - "-" "-"
20.151.224.143 - - [01/Jul/2026:19:04:32 +0800] "GET //wp-admin/js/index.php HTTP/1.1" 404 - "-" "-"
20.151.224.143 - - [01/Jul/2026:19:04:33 +0800] "GET /puc.php HTTP/1.1" 404 - "-" "-"
20.151.224.143 - - [01/Jul/2026:19:04:33 +0800] "GET //themes.php HTTP/1.1" 404 - "-" "-"
20.151.224.143 - - [01/Jul/2026:19:04:34 +0800] "GET //wp-includes/Requests/ HTTP/1.1" 404 - "-" "-"
66.249.79.36 - - [01/Jul/2026:19:04:33 +0800] "GET /sphere/scrap/e7zn8on0o8n9gl4.phtml HTTP/1.1" 200 297710 "-" "Mozilla/5.0 (Linux; Android 6.0.1; Nexus 5X Build/MMB29P) AppleWebKit/537.36 (KHTML, like Gecko) Chrome/149.0.7827.200 Mobile Safari/537.36 (compatible; Googlebot/2.1; +http://www.google.com/bot.html)"
20.151.224.143 - - [01/Jul/2026:19:04:35 +0800] "GET /8.php HTTP/1.1" 404 - "-" "-"
20.151.224.143 - - [01/Jul/2026:19:04:36 +0800] "GET /1.php HTTP/1.1" 404 - "-" "-"
20.151.224.143 - - [01/Jul/2026:19:04:37 +0800] "GET /100.php HTTP/1.1" 404 - "-" "-"
20.151.224.143 - - [01/Jul/2026:19:04:38 +0800] "GET /about.php HTTP/1.1" 404 - "-" "-"
20.151.224.143 - - [01/Jul/2026:19:04:38 +0800] "GET /about.php? HTTP/1.1" 404 - "-" "-"
20.151.224.143 - - [01/Jul/2026:19:04:39 +0800] "GET /admin.php HTTP/1.1" 200 351 "-" "-"
20.151.224.143 - - [01/Jul/2026:19:04:39 +0800] "GET //admin.php? HTTP/1.1" 200 351 "-" "-"
20.151.224.143 - - [01/Jul/2026:19:04:40 +0800] "GET //edit.php HTTP/1.1" 404 - "-" "-"
20.151.224.143 - - [01/Jul/2026:19:04:41 +0800] "GET /wp-content/admin.php HTTP/1.1" 404 - "-" "-"
20.151.224.143 - - [01/Jul/2026:19:04:41 +0800] "GET //f6.php HTTP/1.1" 404 - "-" "-"
20.151.224.143 - - [01/Jul/2026:19:04:42 +0800] "GET /inputs.php? HTTP/1.1" 200 71974 "-" "-"
66.249.79.36 - - [01/Jul/2026:19:04:56 +0800] "GET /sphere/scrap/e7zn8on0o8n9gl4.phtml HTTP/1.1" 200 296147 "-" "Mozilla/5.0 (compatible; Googlebot/2.1; +http://www.google.com/bot.html)"
66.249.71.102 - - [01/Jul/2026:19:05:17 +0800] "GET /faction/component/flto2ihbic976vq.phtml HTTP/1.1" 404 - "-" "Mozilla/5.0 (Linux; Android 6.0.1; Nexus 5X Build/MMB29P) AppleWebKit/537.36 (KHTML, like Gecko) Chrome/149.0.7827.200 Mobile Safari/537.36 (compatible; GoogleOther)"
66.249.79.36 - - [01/Jul/2026:19:05:26 +0800] "GET /sphere/effect/efcdxp0od90ydmh.phtml HTTP/1.1" 404 - "-" "Mozilla/5.0 (Linux; Android 6.0.1; Nexus 5X Build/MMB29P) AppleWebKit/537.36 (KHTML, like Gecko) Chrome/149.0.7827.200 Mobile Safari/537.36 (compatible; GoogleOther)"
66.249.71.96 - - [01/Jul/2026:19:05:29 +0800] "GET /schema/lot/e5qazfehfze04cv.phtml HTTP/1.1" 404 - "-" "Mozilla/5.0 (Linux; Android 6.0.1; Nexus 5X Build/MMB29P) AppleWebKit/537.36 (KHTML, like Gecko) Chrome/149.0.7827.200 Mobile Safari/537.36 (compatible; GoogleOther)"
66.249.79.36 - - [01/Jul/2026:19:05:30 +0800] "GET /?w=dipamqdq2adn7nu HTTP/1.1" 200 296404 "-" "Mozilla/5.0 (Linux; Android 6.0.1; Nexus 5X Build/MMB29P) AppleWebKit/537.36 (KHTML, like Gecko) Chrome/149.0.7827.200 Mobile Safari/537.36 (compatible; Googlebot/2.1; +http://www.google.com/bot.html)"
66.249.71.102 - - [01/Jul/2026:19:05:32 +0800] "GET /style/byproduct/fl1by2pceetfxra.phtml HTTP/1.1" 200 296408 "-" "Mozilla/5.0 (Linux; Android 6.0.1; Nexus 5X Build/MMB29P) AppleWebKit/537.36 (KHTML, like Gecko) Chrome/149.0.7827.200 Mobile Safari/537.36 (compatible; Googlebot/2.1; +http://www.google.com/bot.html)"
66.249.79.36 - - [01/Jul/2026:19:05:43 +0800] "GET /pride/publication/fcq1zfebfy643sn.phtml HTTP/1.1" 404 - "-" "Mozilla/5.0 (Linux; Android 6.0.1; Nexus 5X Build/MMB29P) AppleWebKit/537.36 (KHTML, like Gecko) Chrome/149.0.7827.200 Mobile Safari/537.36 (compatible; GoogleOther)"
66.249.79.37 - - [01/Jul/2026:19:06:09 +0800] "GET /?w=eds0ptge5dgqbqx HTTP/1.1" 200 301760 "-" "Mozilla/5.0 (Linux; Android 6.0.1; Nexus 5X Build/MMB29P) AppleWebKit/537.36 (KHTML, like Gecko) Chrome/149.0.7827.200 Mobile Safari/537.36 (compatible; Googlebot/2.1; +http://www.google.com/bot.html)"
66.249.71.97 - - [01/Jul/2026:19:06:30 +0800] "GET /aggregation/harvest/ffd7ae1bqe5rk3m.phtml HTTP/1.1" 404 - "-" "Mozilla/5.0 (Linux; Android 6.0.1; Nexus 5X Build/MMB29P) AppleWebKit/537.36 (KHTML, like Gecko) Chrome/149.0.7827.200 Mobile Safari/537.36 (compatible; GoogleOther)"
66.249.71.96 - - [01/Jul/2026:19:06:47 +0800] "GET /department/device/frok91ccpgs2229.phtml HTTP/1.1" 200 306710 "-" "Mozilla/5.0 (Linux; Android 6.0.1; Nexus 5X Build/MMB29P) AppleWebKit/537.36 (KHTML, like Gecko) Chrome/149.0.7827.200 Mobile Safari/537.36 (compatible; Googlebot/2.1; +http://www.google.com/bot.html)"
66.249.71.102 - - [01/Jul/2026:19:06:48 +0800] "GET /?w=fttb2ihciz97ivq HTTP/1.1" 200 299674 "-" "Mozilla/5.0 (Linux; Android 6.0.1; Nexus 5X Build/MMB29P) AppleWebKit/537.36 (KHTML, like Gecko) Chrome/149.0.7827.200 Mobile Safari/537.36 (compatible; Googlebot/2.1; +http://www.google.com/bot.html)"
66.249.79.36 - - [01/Jul/2026:19:06:49 +0800] "GET /chapter/package/et6erjud73ussgb.phtml HTTP/1.1" 200 313954 "-" "Mozilla/5.0 (Linux; Android 6.0.1; Nexus 5X Build/MMB29P) AppleWebKit/537.36 (KHTML, like Gecko) Chrome/149.0.7827.200 Mobile Safari/537.36 (compatible; Googlebot/2.1; +http://www.google.com/bot.html)"
66.249.79.36 - - [01/Jul/2026:19:06:51 +0800] "GET /?w=f6zh8onbonfdx1w HTTP/1.1" 200 293979 "-" "Mozilla/5.0 (Linux; Android 6.0.1; Nexus 5X Build/MMB29P) AppleWebKit/537.36 (KHTML, like Gecko) Chrome/149.0.7827.200 Mobile Safari/537.36 (compatible; Googlebot/2.1; +http://www.google.com/bot.html)"
66.249.79.36 - - [01/Jul/2026:19:06:53 +0800] "GET /?w=eoyxvzm9bjmwqw3 HTTP/1.1" 200 295024 "-" "Mozilla/5.0 (Linux; Android 6.0.1; Nexus 5X Build/MMB29P) AppleWebKit/537.36 (KHTML, like Gecko) Chrome/149.0.7827.200 Mobile Safari/537.36 (compatible; Googlebot/2.1; +http://www.google.com/bot.html)"
66.249.71.102 - - [01/Jul/2026:19:07:43 +0800] "GET /continuum/concept/efvaswj48gjt0t0.phtml HTTP/1.1" 404 - "-" "Mozilla/5.0 (Linux; Android 6.0.1; Nexus 5X Build/MMB29P) AppleWebKit/537.36 (KHTML, like Gecko) Chrome/149.0.7827.200 Mobile Safari/537.36 (compatible; GoogleOther)"
66.249.79.37 - - [01/Jul/2026:19:07:51 +0800] "GET /?w=eeid3v6vjf64ssn HTTP/1.1" 200 300188 "-" "Mozilla/5.0 (Linux; Android 6.0.1; Nexus 5X Build/MMB29P) AppleWebKit/537.36 (KHTML, like Gecko) Chrome/149.0.7827.200 Mobile Safari/537.36 (compatible; Googlebot/2.1; +http://www.google.com/bot.html)"
66.249.79.37 - - [01/Jul/2026:19:07:53 +0800] "GET /chapter/issue/e90rldob1xom0a5.phtml HTTP/1.1" 404 - "-" "Mozilla/5.0 (Linux; Android 6.0.1; Nexus 5X Build/MMB29P) AppleWebKit/537.36 (KHTML, like Gecko) Chrome/149.0.7827.200 Mobile Safari/537.36 (compatible; GoogleOther)"
66.249.71.97 - - [01/Jul/2026:19:08:08 +0800] "GET /?w=fambjnabzne0ccv HTTP/1.1" 200 302979 "-" "Mozilla/5.0 (Linux; Android 6.0.1; Nexus 5X Build/MMB29P) AppleWebKit/537.36 (KHTML, like Gecko) Chrome/149.0.7827.200 Mobile Safari/537.36 (compatible; Googlebot/2.1; +http://www.google.com/bot.html)"
66.249.71.102 - - [01/Jul/2026:19:08:45 +0800] "GET /?w=f0fp0s3bghjtvt0 HTTP/1.1" 200 290517 "-" "Mozilla/5.0 (Linux; Android 6.0.1; Nexus 5X Build/MMB29P) AppleWebKit/537.36 (KHTML, like Gecko) Chrome/149.0.7827.200 Mobile Safari/537.36 (compatible; Googlebot/2.1; +http://www.google.com/bot.html)"
66.249.71.102 - - [01/Jul/2026:19:08:57 +0800] "GET /sphere/fort-rules/er89hxw3xhwi0ud.phtml HTTP/1.1" 404 - "-" "Mozilla/5.0 (Linux; Android 6.0.1; Nexus 5X Build/MMB29P) AppleWebKit/537.36 (KHTML, like Gecko) Chrome/149.0.7827.200 Mobile Safari/537.36 (compatible; GoogleOther)"
66.249.71.102 - - [01/Jul/2026:19:08:59 +0800] "GET /graph/artifact/ep88hxwwxhwi9ud.phtml HTTP/1.1" 404 - "-" "Mozilla/5.0 (Linux; Android 6.0.1; Nexus 5X Build/MMB29P) AppleWebKit/537.36 (KHTML, like Gecko) Chrome/149.0.7827.200 Mobile Safari/537.36 (compatible; GoogleOther)"
66.249.79.36 - - [01/Jul/2026:19:09:57 +0800] "GET /rubric/result/e3r0c4fusofdy1w.phtml HTTP/1.1" 404 - "-" "Mozilla/5.0 (Linux; Android 6.0.1; Nexus 5X Build/MMB29P) AppleWebKit/537.36 (KHTML, like Gecko) Chrome/149.0.7827.200 Mobile Safari/537.36 (compatible; GoogleOther)"
66.249.71.102 - - [01/Jul/2026:19:09:58 +0800] "GET /?w=ee2xbrqjrbqc0o7 HTTP/1.1" 200 307198 "-" "Mozilla/5.0 (Linux; Android 6.0.1; Nexus 5X Build/MMB29P) AppleWebKit/537.36 (KHTML, like Gecko) Chrome/149.0.7827.200 Mobile Safari/537.36 (compatible; Googlebot/2.1; +http://www.google.com/bot.html)"
66.249.79.37 - - [01/Jul/2026:19:10:10 +0800] "GET /property/load/fftj2ihciz97yvq.phtml HTTP/1.1" 404 - "-" "Mozilla/5.0 (Linux; Android 6.0.1; Nexus 5X Build/MMB29P) AppleWebKit/537.36 (KHTML, like Gecko) Chrome/149.0.7827.200 Mobile Safari/537.36 (compatible; GoogleOther)"
66.249.71.96 - - [01/Jul/2026:19:10:35 +0800] "GET /?w=fz7d48vbkzzl7xg HTTP/1.1" 200 291458 "-" "Mozilla/5.0 (Linux; Android 6.0.1; Nexus 5X Build/MMB29P) AppleWebKit/537.36 (KHTML, like Gecko) Chrome/149.0.7827.200 Mobile Safari/537.36 (compatible; Googlebot/2.1; +http://www.google.com/bot.html)"
66.249.71.102 - - [01/Jul/2026:19:10:37 +0800] "GET /?w=e61fy2p8empzgz6 HTTP/1.1" 200 288736 "-" "Mozilla/5.0 (Linux; Android 6.0.1; Nexus 5X Build/MMB29P) AppleWebKit/537.36 (KHTML, like Gecko) Chrome/149.0.7827.200 Mobile Safari/537.36 (compatible; Googlebot/2.1; +http://www.google.com/bot.html)"
66.249.79.36 - - [01/Jul/2026:19:10:38 +0800] "GET /?w=eb87hxw9xhwieud HTTP/1.1" 200 293679 "-" "Mozilla/5.0 (Linux; Android 6.0.1; Nexus 5X Build/MMB29P) AppleWebKit/537.36 (KHTML, like Gecko) Chrome/149.0.7827.200 Mobile Safari/537.36 (compatible; Googlebot/2.1; +http://www.google.com/bot.html)"
66.249.79.36 - - [01/Jul/2026:19:11:14 +0800] "GET /?w=f17g48vbkezlixg HTTP/1.1" 200 307671 "-" "Mozilla/5.0 (Linux; Android 6.0.1; Nexus 5X Build/MMB29P) AppleWebKit/537.36 (KHTML, like Gecko) Chrome/149.0.7827.200 Mobile Safari/537.36 (compatible; Googlebot/2.1; +http://www.google.com/bot.html)"
66.249.79.36 - - [01/Jul/2026:19:11:23 +0800] "GET /hierarchy/range/fgzy8onboxfdv1w.phtml HTTP/1.1" 404 - "-" "Mozilla/5.0 (Linux; Android 6.0.1; Nexus 5X Build/MMB29P) AppleWebKit/537.36 (KHTML, like Gecko) Chrome/149.0.7827.200 Mobile Safari/537.36 (compatible; GoogleOther)"
66.249.71.96 - - [01/Jul/2026:19:12:03 +0800] "GET /sort/version/ekgmdh4lt14e4el.phtml HTTP/1.1" 404 - "-" "Mozilla/5.0 (Linux; Android 6.0.1; Nexus 5X Build/MMB29P) AppleWebKit/537.36 (KHTML, like Gecko) Chrome/149.0.7827.200 Mobile Safari/537.36 (compatible; GoogleOther)"
66.249.79.36 - - [01/Jul/2026:19:12:28 +0800] "GET /?w=ephvq65h6q5rf3m HTTP/1.1" 200 302985 "-" "Mozilla/5.0 (Linux; Android 6.0.1; Nexus 5X Build/MMB29P) AppleWebKit/537.36 (KHTML, like Gecko) Chrome/149.0.7827.200 Mobile Safari/537.36 (compatible; Googlebot/2.1; +http://www.google.com/bot.html)"
66.249.79.37 - - [01/Jul/2026:19:12:30 +0800] "GET /family/make/e0tp2ih6i2h3ufy.phtml HTTP/1.1" 200 303744 "-" "Mozilla/5.0 (Linux; Android 6.0.1; Nexus 5X Build/MMB29P) AppleWebKit/537.36 (KHTML, like Gecko) Chrome/149.0.7827.200 Mobile Safari/537.36 (compatible; Googlebot/2.1; +http://www.google.com/bot.html)"
66.249.79.36 - - [01/Jul/2026:19:12:32 +0800] "GET /population/work/e6z48onxo8n9fl4.phtml HTTP/1.1" 200 293137 "-" "Mozilla/5.0 (compatible; Googlebot/2.1; +http://www.google.com/bot.html)"
66.249.79.36 - - [01/Jul/2026:19:12:36 +0800] "GET /area/property/fj1by2pbeotfura.phtml HTTP/1.1" 404 - "-" "Mozilla/5.0 (Linux; Android 6.0.1; Nexus 5X Build/MMB29P) AppleWebKit/537.36 (KHTML, like Gecko) Chrome/149.0.7827.200 Mobile Safari/537.36 (compatible; GoogleOther)"
66.249.71.96 - - [01/Jul/2026:19:13:02 +0800] "GET /?w=fo9pumxba0dngnu HTTP/1.1" 200 293401 "-" "Mozilla/5.0 (Linux; Android 6.0.1; Nexus 5X Build/MMB29P) AppleWebKit/537.36 (KHTML, like Gecko) Chrome/149.0.7827.200 Mobile Safari/537.36 (compatible; Googlebot/2.1; +http://www.google.com/bot.html)"
66.249.79.37 - - [01/Jul/2026:19:13:43 +0800] "GET /segment/utensil/fdad7bycnd2op0j.phtml HTTP/1.1" 200 292397 "-" "Mozilla/5.0 (Linux; Android 6.0.1; Nexus 5X Build/MMB29P) AppleWebKit/537.36 (KHTML, like Gecko) Chrome/149.0.7827.200 Mobile Safari/537.36 (compatible; Googlebot/2.1; +http://www.google.com/bot.html)"
66.249.79.36 - - [01/Jul/2026:19:13:44 +0800] "GET /?w=ej5yeut0uetfara HTTP/1.1" 200 292445 "-" "Mozilla/5.0 (compatible; Googlebot/2.1; +http://www.google.com/bot.html)"
66.249.79.36 - - [01/Jul/2026:19:13:49 +0800] "GET /rubric/effect/evc4xp0dd90yumh.phtml HTTP/1.1" 404 - "-" "Mozilla/5.0 (Linux; Android 6.0.1; Nexus 5X Build/MMB29P) AppleWebKit/537.36 (KHTML, like Gecko) Chrome/149.0.7827.200 Mobile Safari/537.36 (compatible; GoogleOther)"
66.249.71.96 - - [01/Jul/2026:19:14:01 +0800] "GET /?w=e694umxva6xvbje HTTP/1.1" 200 297599 "-" "Mozilla/5.0 (compatible; Googlebot/2.1; +http://www.google.com/bot.html)"
66.249.71.102 - - [01/Jul/2026:19:14:10 +0800] "GET /lot/entity/f1mfjnabzee09cv.phtml HTTP/1.1" 404 - "-" "Mozilla/5.0 (Linux; Android 6.0.1; Nexus 5X Build/MMB29P) AppleWebKit/537.36 (KHTML, like Gecko) Chrome/149.0.7827.200 Mobile Safari/537.36 (compatible; GoogleOther)"
66.249.71.102 - - [01/Jul/2026:19:14:14 +0800] "GET /structure/derivative/fha37bybn32oy0j.phtml HTTP/1.1" 404 - "-" "Mozilla/5.0 (Linux; Android 6.0.1; Nexus 5X Build/MMB29P) AppleWebKit/537.36 (KHTML, like Gecko) Chrome/149.0.7827.200 Mobile Safari/537.36 (compatible; GoogleOther)"
66.249.79.36 - - [01/Jul/2026:19:14:18 +0800] "GET /facet/variant/fylg6y9bm7pznz6.phtml HTTP/1.1" 200 298823 "-" "Mozilla/5.0 (compatible; Googlebot/2.1; +http://www.google.com/bot.html)"
66.249.79.36 - - [01/Jul/2026:19:14:31 +0800] "GET /?w=elwk5lkgl5k61i1 HTTP/1.1" 200 309624 "-" "Mozilla/5.0 (Linux; Android 6.0.1; Nexus 5X Build/MMB29P) AppleWebKit/537.36 (KHTML, like Gecko) Chrome/149.0.7827.200 Mobile Safari/537.36 (compatible; Googlebot/2.1; +http://www.google.com/bot.html)"
66.249.79.36 - - [01/Jul/2026:19:14:34 +0800] "GET /?w=f6s2ptgb5jk62i1 HTTP/1.1" 200 294843 "-" "Mozilla/5.0 (Linux; Android 6.0.1; Nexus 5X Build/MMB29P) AppleWebKit/537.36 (KHTML, like Gecko) Chrome/149.0.7827.200 Mobile Safari/537.36 (compatible; Googlebot/2.1; +http://www.google.com/bot.html)"
66.249.71.96 - - [01/Jul/2026:19:15:02 +0800] "GET /sorority/design/e8jqgk7ew47h0ho.phtml HTTP/1.1" 404 - "-" "Mozilla/5.0 (Linux; Android 6.0.1; Nexus 5X Build/MMB29P) AppleWebKit/537.36 (KHTML, like Gecko) Chrome/149.0.7827.200 Mobile Safari/537.36 (compatible; GoogleOther)"
66.249.79.32 - - [01/Jul/2026:19:15:06 +0800] "GET /?w=f1d0ae1bqq5r03m HTTP/1.1" 200 314628 "-" "Mozilla/5.0 (Linux; Android 6.0.1; Nexus 5X Build/MMB29P) AppleWebKit/537.36 (KHTML, like Gecko) Chrome/149.0.7827.200 Mobile Safari/537.36 (compatible; Googlebot/2.1; +http://www.google.com/bot.html)"
66.249.79.36 - - [01/Jul/2026:19:15:09 +0800] "GET /?w=e98vhxwgxhwidud HTTP/1.1" 200 285487 "-" "Mozilla/5.0 (Linux; Android 6.0.1; Nexus 5X Build/MMB29P) AppleWebKit/537.36 (KHTML, like Gecko) Chrome/149.0.7827.200 Mobile Safari/537.36 (compatible; Googlebot/2.1; +http://www.google.com/bot.html)"
66.249.71.102 - - [01/Jul/2026:19:15:47 +0800] "GET /?w=ffdgae1bq75rh3m HTTP/1.1" 200 293434 "-" "Mozilla/5.0 (Linux; Android 6.0.1; Nexus 5X Build/MMB29P) AppleWebKit/537.36 (KHTML, like Gecko) Chrome/149.0.7827.200 Mobile Safari/537.36 (compatible; Googlebot/2.1; +http://www.google.com/bot.html)"
66.249.71.102 - - [01/Jul/2026:19:16:16 +0800] "GET /property/derivative/flwb5lkclzcadyt.phtml HTTP/1.1" 404 - "-" "Mozilla/5.0 (Linux; Android 6.0.1; Nexus 5X Build/MMB29P) AppleWebKit/537.36 (KHTML, like Gecko) Chrome/149.0.7827.200 Mobile Safari/537.36 (compatible; GoogleOther)"
66.249.79.32 - - [01/Jul/2026:19:16:18 +0800] "GET /?w=eueun32j3n2os0j HTTP/1.1" 200 303971 "-" "Mozilla/5.0 (compatible; Googlebot/2.1; +http://www.google.com/bot.html)"
66.249.71.102 - - [01/Jul/2026:19:16:19 +0800] "GET /lot/byproduct/f0dpae1bqq5re3m.phtml HTTP/1.1" 404 - "-" "Mozilla/5.0 (Linux; Android 6.0.1; Nexus 5X Build/MMB29P) AppleWebKit/537.36 (KHTML, like Gecko) Chrome/149.0.7827.200 Mobile Safari/537.36 (compatible; GoogleOther)"
66.249.79.36 - - [01/Jul/2026:19:17:29 +0800] "GET /rubric/composition/ffruc4fbsrv5j5c.phtml HTTP/1.1" 404 - "-" "Mozilla/5.0 (Linux; Android 6.0.1; Nexus 5X Build/MMB29P) AppleWebKit/537.36 (KHTML, like Gecko) Chrome/149.0.7827.200 Mobile Safari/537.36 (compatible; GoogleOther)"
66.249.79.36 - - [01/Jul/2026:19:17:38 +0800] "GET /?w=fc9humxba1dndnu HTTP/1.1" 200 308318 "-" "Mozilla/5.0 (Linux; Android 6.0.1; Nexus 5X Build/MMB29P) AppleWebKit/537.36 (KHTML, like Gecko) Chrome/149.0.7827.200 Mobile Safari/537.36 (compatible; Googlebot/2.1; +http://www.google.com/bot.html)"
66.249.79.37 - - [01/Jul/2026:19:17:40 +0800] "GET /guild/mechanism/fru6f7ibvxy8g8f.phtml HTTP/1.1" 200 298189 "-" "Mozilla/5.0 (Linux; Android 6.0.1; Nexus 5X Build/MMB29P) AppleWebKit/537.36 (KHTML, like Gecko) Chrome/149.0.7827.200 Mobile Safari/537.36 (compatible; Googlebot/2.1; +http://www.google.com/bot.html)"
66.249.79.36 - - [01/Jul/2026:19:17:53 +0800] "GET /cluster/craft/fgqgzfecfs642sn.phtml HTTP/1.1" 404 - "-" "Mozilla/5.0 (Linux; Android 6.0.1; Nexus 5X Build/MMB29P) AppleWebKit/537.36 (KHTML, like Gecko) Chrome/149.0.7827.200 Mobile Safari/537.36 (compatible; GoogleOther)"
66.249.79.32 - - [01/Jul/2026:19:18:24 +0800] "GET /ilk/gadget/fraj7bybnn2o20j.phtml HTTP/1.1" 404 - "-" "Mozilla/5.0 (Linux; Android 6.0.1; Nexus 5X Build/MMB29P) AppleWebKit/537.36 (KHTML, like Gecko) Chrome/149.0.7827.200 Mobile Safari/537.36 (compatible; GoogleOther)"
66.249.71.102 - - [01/Jul/2026:19:18:42 +0800] "GET /discipline/trait/ffi53v6bjbmwaw3.phtml HTTP/1.1" 404 - "-" "Mozilla/5.0 (Linux; Android 6.0.1; Nexus 5X Build/MMB29P) AppleWebKit/537.36 (KHTML, like Gecko) Chrome/149.0.7827.200 Mobile Safari/537.36 (compatible; GoogleOther)"
